{"id":5607,"date":"2019-10-26T10:56:11","date_gmt":"2019-10-26T08:56:11","guid":{"rendered":"https:\/\/easybalkans.marcoronco.me\/easybalkans\/?page_id=5607"},"modified":"2019-10-28T09:53:59","modified_gmt":"2019-10-28T08:53:59","slug":"perche-investire-in-croazia-quali-sono-i-vantaggi-fiscali","status":"publish","type":"page","link":"https:\/\/easybalkans.marcoronco.me\/easybalkans\/perche-investire-in-croazia-quali-sono-i-vantaggi-fiscali\/","title":{"rendered":"Perch\u00e8 investire in Croazia"},"content":{"rendered":"<div class=\"fusion-fullwidth fullwidth-box fusion-builder-row-1 nonhundred-percent-fullwidth non-hundred-percent-height-scrolling\"  style='background-color: rgba(255,255,255,0);background-position: center center;background-repeat: no-repeat;padding-top:0px;padding-right:0px;padding-bottom:0px;padding-left:0px;'><div class=\"fusion-builder-row fusion-row \"><div  class=\"fusion-layout-column fusion_builder_column fusion_builder_column_1_1 fusion-builder-column-0 fusion-one-full fusion-column-first fusion-column-last 1_1\"  style='margin-top:0px;margin-bottom:0px;'><div class=\"fusion-column-wrapper\" style=\"padding: 0px 0px 0px 0px;background-position:left top;background-repeat:no-repeat;-webkit-background-size:cover;-moz-background-size:cover;-o-background-size:cover;background-size:cover;\"   data-bg-url=\"\"><div class=\"fusion-text\"><h2>Perch\u00e9 investire in Croazia, analizziamo assieme vantaggi e i Costi nell\u2019aprire una societ\u00e0 in Croazia<\/h2>\n<p><a href=\"https:\/\/easybalkans.marcoronco.me\/easybalkans\/come-aprire-una-societa-in-croazia-informazioni-su-come-fare-business-in-croazia-e-la-sua-tassazione\/\"><strong>Investire in Croazia<\/strong><\/a>, un Paese che si affaccia sull\u2019Adriatico prossimo al confine italiano attraversando la <strong>Slovenia.<\/strong><\/p>\n<p>Certamente con un sistema fiscale <strong>moderno &#8211; solido &#8211; attrattivo \u2013 elastico<\/strong>. Predisposto a rilanciare dopo l\u2019effettiva entrata in CE nel 2013, la propria economia favorendo <strong>Internazionalizzazione<\/strong> e Delocalizzazione delle<strong> Imprese Estere.<\/strong><\/p>\n<p>Investire in Croazia, comunque ripercorre come per tutti gli stati esteri, sottointeso il principio di \u201clibert\u00e0 di stabilimento\u201d, la particolare attenzione alla pianificazione globale all\u2019\u00a0<strong><a href=\"https:\/\/it.wikipedia.org\/wiki\/Esterovestizione\" target=\"_blank\" rel=\"noopener noreferrer\">Esterovestizione<\/a><\/strong>, dove si concretizza la <strong><a href=\"https:\/\/it.wikipedia.org\/wiki\/Stabile_organizzazione\" target=\"_blank\" rel=\"noopener noreferrer\">Stabile Organizzazione<\/a><\/strong>, situazioni che possono se non studiate e valutate adeguatamente creare guai seri all\u2019imprenditore.<\/p>\n<p>Paese senza dubbio alcuno dedicato a pi\u00f9 tipologie di opportunit\u00e0 dalle\u00a0Produttive\u00a0al\u00a0<strong>Commercio\u00a0Import-Export<\/strong>,\u00a0all\u2019investimento\u00a0Turistico.<\/p>\n<h2>Perch\u00e9 Investire in <a href=\"https:\/\/www.balcanicaucaso.org\/aree\/Croazia\" target=\"_blank\" rel=\"noopener noreferrer\">Croazia<\/a> costituendo una Societ\u00e0<\/h2>\n<p>Prima di considerare le <strong>societ\u00e0 in Croazia<\/strong>, analizziamo i\u00a0vantaggi\u00a0di Investire in Croazia:<\/p>\n<ul>\n<li>la <strong>tassazione<\/strong> in due aliquote al 12% e 18%per le S.r.l. (D.o.o.) sino e oltre i 400k di fatturato<\/li>\n<li>accordi contro la doppia <strong>imposizion<\/strong><\/li>\n<li>\u00a0presenza della <strong>withholding<\/strong> tax che rappresenta l\u2019imposta sul profitto realizzata da parte di <strong>soggetti non residenti<\/strong><\/li>\n<li>vicinanza all\u2019Italia <strong>Vantaggi-Svantaggi<\/strong><\/li>\n<li>incentivi alle <strong>microimprese<\/strong><\/li>\n<li>costo <strong>forza lavoro<\/strong> inferiore<\/li>\n<li>costi minori di energetici<\/li>\n<li><strong>lingua italiana<\/strong> diffusa, ufficiale in area Istriana<\/li>\n<li>possibilit\u00e0 di <strong>Joint Venture<\/strong><\/li>\n<li>possibilit\u00e0 di <strong>partnership<\/strong><\/li>\n<li>produzione per mercati esteri o locali<\/li>\n<li><strong>import-export<\/strong> distribuzione<\/li>\n<li><strong>free-zone<\/strong><\/li>\n<li>porti di attracco e <strong>sdoganamento<\/strong> accordi con taluni Paesi<\/li>\n<\/ul>\n<h2>Tipologie pi\u00f9 comuni di societ\u00e0 in Croazia<\/h2>\n<p>La regolamentazione della <strong>tipologia societaria<\/strong> \u00e8 simile a quella italiana, difatti esistono le S.R.L. nominate D.o.o. e le S.p.a. denominate D.d., in relazione alle societ\u00e0 di capitali, societ\u00e0 a nome collettivo molto meno utilizzate, per questioni di responsabilit\u00e0 ma presenti come l\u2019accomandita semplice. Esiste la possibilit\u00e0 di sedi secondarie.<\/p>\n<p>Le forme di organizzazione societarie pi\u00f9 comuni:<\/p>\n<ul>\n<li><strong>Filiale<\/strong><\/li>\n<li>Succursale<\/li>\n<li><strong>Ufficio<\/strong> di rappresentanza<\/li>\n<\/ul>\n<h2>Capitale Sociale per aprire societ\u00e0 in Croazia<\/h2>\n<ul>\n<li>2.700 euro circa per aprire partiva <strong>Iva croata<\/strong> e Vies per una D.o.o., per operazioni <strong>Intracomunitarie<\/strong>, il capitale sociale rimane subito a disposizione dell\u2019azienda.<\/li>\n<li>27.000 euro circa per aprire partita iva croata e Vies per una D.d., per operazioni intracomunitarie, il capitale sociale rimane subito a disposizione dell\u2019azienda.<\/li>\n<\/ul>\n<h2>Flat Tax in Croazia quale \u00e8 la tassazione in Croazia<\/h2>\n<p><strong><em>Societ\u00e0 di capitali<\/em><\/strong><\/p>\n<ul>\n<li>12% sugli utili (ricavi-costi) sino a 400k di fatturato<\/li>\n<li>18% sugli utili (ricavi-costi) oltre a 400k di fatturato<\/li>\n<li>24% 36% tax sui dividendi sino a 26.000 euro o oltre i 26.000 euro, da considerare la tipologia della partecipazione, da sottolineare le leggi che regolamentano le doppie imposizioni, intervento di Holding e <strong><a href=\"https:\/\/it.wikipedia.org\/wiki\/Esenzione_fiscale_delle_plusvalenze\" target=\"_blank\" rel=\"noopener noreferrer\">sistema Pex.<\/a><\/strong><\/li>\n<\/ul>\n<h3>Queste le Tassazione sia per le D.o.o. che per le D.d.<\/h3>\n<p><strong><em>Incentivi e Fondi Europei per Investire in Croazia<\/em><\/strong><\/p>\n<ul>\n<li><strong>Nuovi posti di lavoro<\/strong><\/li>\n<li>Fiscali per <strong>Microimprenditori<\/strong><\/li>\n<li><strong>Doganali<\/strong><\/li>\n<li>Formazione del <strong>personale<\/strong><\/li>\n<li>Fiscali per <strong>Imprese<\/strong><\/li>\n<\/ul>\n<p><strong>Fondi Europei<\/strong><\/p>\n<ul>\n<li>Zone rurali<\/li>\n<li>Zone Turistiche <strong>EDEN (European Destinations of Excellence)<\/strong><\/li>\n<li>Transfrontalieri<\/li>\n<li>Formazione e Crescita Imprese<\/li>\n<li><strong>Infrastrutturali<\/strong> e Ambiente<\/li>\n<li>Ecc.<\/li>\n<\/ul>\n<p>I<strong> Fondi Strutturali<\/strong> dell\u2019UE costituiscono uno strumento concreto di <strong>solidariet\u00e0<\/strong> da una parte, dall\u2019altra un elemento che traina la ripresa economica.<\/p>\n<p>La Croazia, membro dell&#8217;<strong>Unione Europea<\/strong> dal 1\u00b0 luglio 2013, anch\u2019essa \u00e8 divenuta destinataria di <strong>Fondi Strutturali<\/strong> U.E. destinati a finanziare degli obiettivi prioritari del Paese.<\/p>\n<p>Nel contempo utilizzati a pieno nei settori delle <strong>risorse umane<\/strong>, sviluppo rurale, affari marittimi, <strong>ambiente e infrastrutture.<\/strong><\/p>\n<p>Molto sentiti sono i <strong>progetti<\/strong> finanziati con il Programma <strong>Transfrontaliero<\/strong> Italia-Croazia.<\/p>\n<p>Attraverso la pianificazione dei <strong>Fondi Europei<\/strong>, la Croazia intende primariamente ottenere una riduzione delle <strong>diversit\u00e0 interne<\/strong>, l\u2019introduzione di misure gi\u00e0 utilizzate da paesi pi\u00f9 <strong>sviluppati<\/strong> dell&#8217;Unione Europea che hanno portato <strong>risultati positivi<\/strong> in termini <strong>economici<\/strong> e sociali.<\/p>\n<\/div><div class=\"fusion-content-boxes content-boxes columns row fusion-columns-3 fusion-columns-total-3 fusion-content-boxes-1 content-boxes-icon-on-top content-left\" data-animationOffset=\"100%\" style=\"margin-top:0px;margin-bottom:60px;\"><style type=\"text\/css\">.fusion-content-boxes-1 .heading .content-box-heading {color:#333333;}\n\t\t\t\t\t.fusion-content-boxes-1 .fusion-content-box-hover .link-area-link-icon-hover .heading .content-box-heading,\n\t\t\t\t\t.fusion-content-boxes-1 .fusion-content-box-hover .link-area-link-icon-hover .heading .heading-link .content-box-heading,\n\t\t\t\t\t.fusion-content-boxes-1 .fusion-content-box-hover .link-area-box-hover .heading .content-box-heading,\n\t\t\t\t\t.fusion-content-boxes-1 .fusion-content-box-hover .link-area-box-hover .heading .heading-link .content-box-heading,\n\t\t\t\t\t.fusion-content-boxes-1 .fusion-content-box-hover .link-area-link-icon-hover.link-area-box .fusion-read-more,\n\t\t\t\t\t.fusion-content-boxes-1 .fusion-content-box-hover .link-area-link-icon-hover.link-area-box .fusion-read-more::after,\n\t\t\t\t\t.fusion-content-boxes-1 .fusion-content-box-hover .link-area-link-icon-hover.link-area-box .fusion-read-more::before,\n\t\t\t\t\t.fusion-content-boxes-1 .fusion-content-box-hover .fusion-read-more:hover:after,\n\t\t\t\t\t.fusion-content-boxes-1 .fusion-content-box-hover .fusion-read-more:hover:before,\n\t\t\t\t\t.fusion-content-boxes-1 .fusion-content-box-hover .fusion-read-more:hover,\n\t\t\t\t\t.fusion-content-boxes-1 .fusion-content-box-hover .link-area-box-hover.link-area-box .fusion-read-more,\n\t\t\t\t\t.fusion-content-boxes-1 .fusion-content-box-hover .link-area-box-hover.link-area-box .fusion-read-more::after,\n\t\t\t\t\t.fusion-content-boxes-1 .fusion-content-box-hover .link-area-box-hover.link-area-box .fusion-read-more::before,\n\t\t\t\t\t.fusion-content-boxes-1 .fusion-content-box-hover .link-area-link-icon-hover .icon .circle-no,\n\t\t\t\t\t.fusion-content-boxes-1 .heading .heading-link:hover .content-box-heading {\n\t\t\t\t\t\tcolor: #820a0a;\n\t\t\t\t\t}\n\t\t\t\t\t.fusion-content-boxes-1 .fusion-content-box-hover .link-area-box-hover .icon .circle-no {\n\t\t\t\t\t\tcolor: #820a0a !important;\n\t\t\t\t\t}.fusion-content-boxes-1 .fusion-content-box-hover .link-area-box.link-area-box-hover .fusion-content-box-button {background: #bf202f;color: #ffffff;}.fusion-content-boxes-1 .fusion-content-box-hover .link-area-box.link-area-box-hover .fusion-content-box-button .fusion-button-text {color: #ffffff;}\n\t\t\t\t\t.fusion-content-boxes-1 .fusion-content-box-hover .link-area-link-icon-hover .heading .icon > span {\n\t\t\t\t\t\tbackground-color: #820a0a !important;\n\t\t\t\t\t}\n\t\t\t\t\t.fusion-content-boxes-1 .fusion-content-box-hover .link-area-box-hover .heading .icon > span {\n\t\t\t\t\t\tborder-color: #820a0a !important;\n\t\t\t\t\t}<\/style><div class=\"fusion-column content-box-column content-box-column content-box-column-1 col-lg-4 col-md-4 col-sm-4 fusion-content-box-hover content-box-column-first-in-row\"><div class=\"col content-box-wrapper content-wrapper link-area-link-icon link-type-text icon-hover-animation-fade\" style=\"background-color:rgba(255,255,255,0);\" data-animationOffset=\"100%\"><div class=\"heading heading-with-icon icon-left\"><a class=\"heading-link\" href=\"https:\/\/easybalkans.marcoronco.me\/easybalkans\/perche-investire-in-serbia\/\" target=\"_self\"><div class=\"icon\"><i style=\"border-color:#333333;border-width:0px;background-color:#c11a2b;box-sizing:content-box;height:42px;width:42px;line-height:42px;border-radius:50%;color:#ffffff;font-size:21px;\" class=\"fontawesome-icon fa-external-link-alt fas circle-yes\"><\/i><\/div><h2 class=\"content-box-heading\" style=\"font-size:26px;line-height:31px;\">SERBIA<\/h2><\/a><\/div><\/div><\/div><div class=\"fusion-column content-box-column content-box-column content-box-column-2 col-lg-4 col-md-4 col-sm-4 fusion-content-box-hover \"><div class=\"col content-box-wrapper content-wrapper link-area-link-icon link-type-text icon-hover-animation-fade\" style=\"background-color:rgba(255,255,255,0);\" data-animationOffset=\"100%\"><div class=\"heading heading-with-icon icon-left\"><a class=\"heading-link\" href=\"https:\/\/easybalkans.marcoronco.me\/easybalkans\/perche-investire-in-slovenia\/\" target=\"_self\"><div class=\"icon\"><i style=\"border-color:#333333;border-width:0px;background-color:#c11a2b;box-sizing:content-box;height:42px;width:42px;line-height:42px;border-radius:50%;color:#ffffff;font-size:21px;\" class=\"fontawesome-icon fa-external-link-alt fas circle-yes\"><\/i><\/div><h2 class=\"content-box-heading\" style=\"font-size:26px;line-height:31px;\">SLOVENIA<\/h2><\/a><\/div><\/div><\/div><div class=\"fusion-column content-box-column content-box-column content-box-column-3 col-lg-4 col-md-4 col-sm-4 fusion-content-box-hover content-box-column-last content-box-column-last-in-row\"><div class=\"col content-box-wrapper content-wrapper link-area-link-icon link-type-text icon-hover-animation-fade\" style=\"background-color:rgba(255,255,255,0);\" data-animationOffset=\"100%\"><div class=\"heading heading-with-icon icon-left\"><a class=\"heading-link\" href=\"https:\/\/easybalkans.marcoronco.me\/easybalkans\/perche-investire-in-romania-scopri-le-reali-opportunita-nel-aprire-una-societa-con-partita-iva-in-romania\/\" target=\"_self\"><div class=\"icon\"><i style=\"border-color:#c11a2b;border-width:1px;background-color:#c11a2b;box-sizing:content-box;height:42px;width:42px;line-height:42px;border-radius:50%;color:#ffffff;font-size:21px;\" class=\"fontawesome-icon fa-external-link-alt fas circle-yes\"><\/i><\/div><h2 class=\"content-box-heading\" style=\"font-size:26px;line-height:31px;\">ROMANIA<\/h2><\/a><\/div><\/div><\/div><style type=\"text\/css\">\n\t\t\t\t\t\t.fusion-content-boxes-1 .fusion-content-box-hover .heading-link:hover .icon i.circle-yes,\n\t\t\t\t\t\t.fusion-content-boxes-1 .fusion-content-box-hover .link-area-box:hover .heading-link .icon i.circle-yes,\n\t\t\t\t\t\t.fusion-content-boxes-1 .fusion-content-box-hover .link-area-link-icon-hover .heading .icon i.circle-yes,\n\t\t\t\t\t\t.fusion-content-boxes-1 .fusion-content-box-hover .link-area-box-hover .heading .icon i.circle-yes {\n\t\t\t\t\t\t\tbackground-color: #820a0a !important;\n\t\t\t\t\t\t\tborder-color: #820a0a !important;\n\t\t\t\t\t\t}<\/style><div class=\"fusion-clearfix\"><\/div><\/div><div class=\"fusion-clearfix\"><\/div><\/div><\/div><\/div><\/div>\n","protected":false},"excerpt":{"rendered":"","protected":false},"author":18,"featured_media":5612,"parent":0,"menu_order":0,"comment_status":"closed","ping_status":"closed","template":"","meta":{"footnotes":""},"class_list":["post-5607","page","type-page","status-publish","has-post-thumbnail","hentry"],"yoast_head":"<!-- This site is optimized with the Yoast SEO plugin v23.4 - https:\/\/yoast.com\/wordpress\/plugins\/seo\/ -->\n<title>Perch\u00e8 Investire in Croazia | Aprire una societ\u00e0 di diritto Croato<\/title>\n<meta name=\"description\" content=\"Perch\u00e8 Investire in Croazia, quali sono i vantaggi e le possibilit\u00e0 di Business che aprire una societ\u00e0 in Croazia possano portare.\" \/>\n<meta name=\"robots\" content=\"noindex, follow, max-snippet:-1, max-image-preview:large, max-video-preview:-1\" \/>\n<meta name=\"twitter:card\" content=\"summary_large_image\" \/>\n<meta name=\"twitter:title\" content=\"Perch\u00e8 Investire in Croazia | Aprire una societ\u00e0 di diritto Croato\" \/>\n<meta name=\"twitter:description\" content=\"Perch\u00e8 Investire in Croazia, quali sono i vantaggi e le possibilit\u00e0 di Business che aprire una societ\u00e0 in Croazia possano portare.\" \/>\n<meta name=\"twitter:image\" content=\"https:\/\/easybalkans.marcoronco.me\/easybalkans\/wp-content\/uploads\/2019\/10\/croazia-2019-....jpg\" \/>\n<meta name=\"twitter:label1\" content=\"Tempo di lettura stimato\" \/>\n\t<meta name=\"twitter:data1\" content=\"5 minuti\" \/>\n<script type=\"application\/ld+json\" class=\"yoast-schema-graph\">{\"@context\":\"https:\/\/schema.org\",\"@graph\":[{\"@type\":\"WebPage\",\"@id\":\"https:\/\/easybalkans.marcoronco.me\/easybalkans\/perche-investire-in-croazia-quali-sono-i-vantaggi-fiscali\/\",\"url\":\"https:\/\/easybalkans.marcoronco.me\/easybalkans\/perche-investire-in-croazia-quali-sono-i-vantaggi-fiscali\/\",\"name\":\"Perch\u00e8 Investire in Croazia | Aprire una societ\u00e0 di diritto Croato\",\"isPartOf\":{\"@id\":\"https:\/\/easybalkans.marcoronco.me\/easybalkans\/#website\"},\"primaryImageOfPage\":{\"@id\":\"https:\/\/easybalkans.marcoronco.me\/easybalkans\/perche-investire-in-croazia-quali-sono-i-vantaggi-fiscali\/#primaryimage\"},\"image\":{\"@id\":\"https:\/\/easybalkans.marcoronco.me\/easybalkans\/perche-investire-in-croazia-quali-sono-i-vantaggi-fiscali\/#primaryimage\"},\"thumbnailUrl\":\"https:\/\/easybalkans.marcoronco.me\/easybalkans\/wp-content\/uploads\/2019\/10\/croazia-2019-....jpg\",\"datePublished\":\"2019-10-26T08:56:11+00:00\",\"dateModified\":\"2019-10-28T08:53:59+00:00\",\"description\":\"Perch\u00e8 Investire in Croazia, quali sono i vantaggi e le possibilit\u00e0 di Business che aprire una societ\u00e0 in Croazia possano portare.\",\"breadcrumb\":{\"@id\":\"https:\/\/easybalkans.marcoronco.me\/easybalkans\/perche-investire-in-croazia-quali-sono-i-vantaggi-fiscali\/#breadcrumb\"},\"inLanguage\":\"it-IT\",\"potentialAction\":[{\"@type\":\"ReadAction\",\"target\":[\"https:\/\/easybalkans.marcoronco.me\/easybalkans\/perche-investire-in-croazia-quali-sono-i-vantaggi-fiscali\/\"]}]},{\"@type\":\"ImageObject\",\"inLanguage\":\"it-IT\",\"@id\":\"https:\/\/easybalkans.marcoronco.me\/easybalkans\/perche-investire-in-croazia-quali-sono-i-vantaggi-fiscali\/#primaryimage\",\"url\":\"https:\/\/easybalkans.marcoronco.me\/easybalkans\/wp-content\/uploads\/2019\/10\/croazia-2019-....jpg\",\"contentUrl\":\"https:\/\/easybalkans.marcoronco.me\/easybalkans\/wp-content\/uploads\/2019\/10\/croazia-2019-....jpg\",\"width\":1920,\"height\":1080,\"caption\":\"Croazia paradiso fiscale\"},{\"@type\":\"BreadcrumbList\",\"@id\":\"https:\/\/easybalkans.marcoronco.me\/easybalkans\/perche-investire-in-croazia-quali-sono-i-vantaggi-fiscali\/#breadcrumb\",\"itemListElement\":[{\"@type\":\"ListItem\",\"position\":1,\"name\":\"Home\",\"item\":\"https:\/\/easybalkans.marcoronco.me\/easybalkans\/\"},{\"@type\":\"ListItem\",\"position\":2,\"name\":\"Perch\u00e8 investire in Croazia\"}]},{\"@type\":\"WebSite\",\"@id\":\"https:\/\/easybalkans.marcoronco.me\/easybalkans\/#website\",\"url\":\"https:\/\/easybalkans.marcoronco.me\/easybalkans\/\",\"name\":\"Easy Balkans | Consulenza in Internazionalizzazione e Delocalizzazione nei Balcani\",\"description\":\"Consulenza in Internazionalizzazione e Delocalizzazione nei Balcani\",\"potentialAction\":[{\"@type\":\"SearchAction\",\"target\":{\"@type\":\"EntryPoint\",\"urlTemplate\":\"https:\/\/easybalkans.marcoronco.me\/easybalkans\/?s={search_term_string}\"},\"query-input\":{\"@type\":\"PropertyValueSpecification\",\"valueRequired\":true,\"valueName\":\"search_term_string\"}}],\"inLanguage\":\"it-IT\"}]}<\/script>\n<!-- \/ Yoast SEO plugin. -->","yoast_head_json":{"title":"Perch\u00e8 Investire in Croazia | Aprire una societ\u00e0 di diritto Croato","description":"Perch\u00e8 Investire in Croazia, quali sono i vantaggi e le possibilit\u00e0 di Business che aprire una societ\u00e0 in Croazia possano portare.","robots":{"index":"noindex","follow":"follow","max-snippet":"max-snippet:-1","max-image-preview":"max-image-preview:large","max-video-preview":"max-video-preview:-1"},"twitter_card":"summary_large_image","twitter_title":"Perch\u00e8 Investire in Croazia | Aprire una societ\u00e0 di diritto Croato","twitter_description":"Perch\u00e8 Investire in Croazia, quali sono i vantaggi e le possibilit\u00e0 di Business che aprire una societ\u00e0 in Croazia possano portare.","twitter_image":"https:\/\/easybalkans.marcoronco.me\/easybalkans\/wp-content\/uploads\/2019\/10\/croazia-2019-....jpg","twitter_misc":{"Tempo di lettura stimato":"5 minuti"},"schema":{"@context":"https:\/\/schema.org","@graph":[{"@type":"WebPage","@id":"https:\/\/easybalkans.marcoronco.me\/easybalkans\/perche-investire-in-croazia-quali-sono-i-vantaggi-fiscali\/","url":"https:\/\/easybalkans.marcoronco.me\/easybalkans\/perche-investire-in-croazia-quali-sono-i-vantaggi-fiscali\/","name":"Perch\u00e8 Investire in Croazia | Aprire una societ\u00e0 di diritto Croato","isPartOf":{"@id":"https:\/\/easybalkans.marcoronco.me\/easybalkans\/#website"},"primaryImageOfPage":{"@id":"https:\/\/easybalkans.marcoronco.me\/easybalkans\/perche-investire-in-croazia-quali-sono-i-vantaggi-fiscali\/#primaryimage"},"image":{"@id":"https:\/\/easybalkans.marcoronco.me\/easybalkans\/perche-investire-in-croazia-quali-sono-i-vantaggi-fiscali\/#primaryimage"},"thumbnailUrl":"https:\/\/easybalkans.marcoronco.me\/easybalkans\/wp-content\/uploads\/2019\/10\/croazia-2019-....jpg","datePublished":"2019-10-26T08:56:11+00:00","dateModified":"2019-10-28T08:53:59+00:00","description":"Perch\u00e8 Investire in Croazia, quali sono i vantaggi e le possibilit\u00e0 di Business che aprire una societ\u00e0 in Croazia possano portare.","breadcrumb":{"@id":"https:\/\/easybalkans.marcoronco.me\/easybalkans\/perche-investire-in-croazia-quali-sono-i-vantaggi-fiscali\/#breadcrumb"},"inLanguage":"it-IT","potentialAction":[{"@type":"ReadAction","target":["https:\/\/easybalkans.marcoronco.me\/easybalkans\/perche-investire-in-croazia-quali-sono-i-vantaggi-fiscali\/"]}]},{"@type":"ImageObject","inLanguage":"it-IT","@id":"https:\/\/easybalkans.marcoronco.me\/easybalkans\/perche-investire-in-croazia-quali-sono-i-vantaggi-fiscali\/#primaryimage","url":"https:\/\/easybalkans.marcoronco.me\/easybalkans\/wp-content\/uploads\/2019\/10\/croazia-2019-....jpg","contentUrl":"https:\/\/easybalkans.marcoronco.me\/easybalkans\/wp-content\/uploads\/2019\/10\/croazia-2019-....jpg","width":1920,"height":1080,"caption":"Croazia paradiso fiscale"},{"@type":"BreadcrumbList","@id":"https:\/\/easybalkans.marcoronco.me\/easybalkans\/perche-investire-in-croazia-quali-sono-i-vantaggi-fiscali\/#breadcrumb","itemListElement":[{"@type":"ListItem","position":1,"name":"Home","item":"https:\/\/easybalkans.marcoronco.me\/easybalkans\/"},{"@type":"ListItem","position":2,"name":"Perch\u00e8 investire in Croazia"}]},{"@type":"WebSite","@id":"https:\/\/easybalkans.marcoronco.me\/easybalkans\/#website","url":"https:\/\/easybalkans.marcoronco.me\/easybalkans\/","name":"Easy Balkans | Consulenza in Internazionalizzazione e Delocalizzazione nei Balcani","description":"Consulenza in Internazionalizzazione e Delocalizzazione nei Balcani","potentialAction":[{"@type":"SearchAction","target":{"@type":"EntryPoint","urlTemplate":"https:\/\/easybalkans.marcoronco.me\/easybalkans\/?s={search_term_string}"},"query-input":{"@type":"PropertyValueSpecification","valueRequired":true,"valueName":"search_term_string"}}],"inLanguage":"it-IT"}]}},"_links":{"self":[{"href":"https:\/\/easybalkans.marcoronco.me\/easybalkans\/wp-json\/wp\/v2\/pages\/5607","targetHints":{"allow":["GET"]}}],"collection":[{"href":"https:\/\/easybalkans.marcoronco.me\/easybalkans\/wp-json\/wp\/v2\/pages"}],"about":[{"href":"https:\/\/easybalkans.marcoronco.me\/easybalkans\/wp-json\/wp\/v2\/types\/page"}],"author":[{"embeddable":true,"href":"https:\/\/easybalkans.marcoronco.me\/easybalkans\/wp-json\/wp\/v2\/users\/18"}],"replies":[{"embeddable":true,"href":"https:\/\/easybalkans.marcoronco.me\/easybalkans\/wp-json\/wp\/v2\/comments?post=5607"}],"version-history":[{"count":13,"href":"https:\/\/easybalkans.marcoronco.me\/easybalkans\/wp-json\/wp\/v2\/pages\/5607\/revisions"}],"predecessor-version":[{"id":5633,"href":"https:\/\/easybalkans.marcoronco.me\/easybalkans\/wp-json\/wp\/v2\/pages\/5607\/revisions\/5633"}],"wp:featuredmedia":[{"embeddable":true,"href":"https:\/\/easybalkans.marcoronco.me\/easybalkans\/wp-json\/wp\/v2\/media\/5612"}],"wp:attachment":[{"href":"https:\/\/easybalkans.marcoronco.me\/easybalkans\/wp-json\/wp\/v2\/media?parent=5607"}],"curies":[{"name":"wp","href":"https:\/\/api.w.org\/{rel}","templated":true}]}}